{"id":351,"date":"2021-09-30T21:15:12","date_gmt":"2021-09-30T21:15:12","guid":{"rendered":"https:\/\/zszelena42.eu\/foosball\/?page_id=351"},"modified":"2021-09-30T21:23:02","modified_gmt":"2021-09-30T21:23:02","slug":"eticky-kodex","status":"publish","type":"page","link":"https:\/\/zszelena42.eu\/foosball\/eticky-kodex\/","title":{"rendered":"Etick\u00fd kodex"},"content":{"rendered":"\n<p>Jak\u00fdkoliv projev povahy nesportovn\u00edho nebo neetick\u00e9ho chov\u00e1n\u00ed b\u011bhem turnajov\u00e9 hry, v bl\u00edzkosti hrac\u00edho stolu, kde se turnaj kon\u00e1, bude br\u00e1n jako naru\u0161en\u00ed etick\u00e9ho kodexu.<\/p>\n\n\n\n<p><strong>Je vy\u017eadov\u00e1n vz\u00e1jemn\u00fd respekt mezi v\u0161emi hr\u00e1\u010di&nbsp;nebo div\u00e1ky<\/strong>. C\u00edlem ka\u017ed\u00e9ho hr\u00e1\u010de je reprezentovat stoln\u00ed fotbal co mo\u017en\u00e1 nejv\u00edce pozitivn\u011b a ve sportovn\u00edm duchu.&nbsp;<strong>Trestem za naru\u0161en\u00ed etick\u00e9ho kodexu m\u016f\u017ee b\u00fdt odn\u011bt\u00ed hry nebo z\u00e1pasu, vylou\u010den\u00ed z turnaje.<\/strong><\/p>\n\n\n\n<p><strong>Po skon\u010den\u00ed z\u00e1pasu je vhodn\u00e9 v r\u00e1mci fair play podat si se soupe\u0159i ruku, a\u0165 u\u017e je&nbsp;v\u00fdsledek jak\u00fdkoliv.<\/strong><\/p>\n\n\n\n<hr class=\"wp-block-separator\"\/>\n\n\n\n<p class=\"has-drop-cap has-vivid-red-color has-text-color\"><strong><br>HRAJE SE FAIR PLAY A FAND\u00cd SE SLU\u0160N\u011a!<\/strong><\/p>\n","protected":false},"excerpt":{"rendered":"<p>Jak\u00fdkoliv projev povahy nesportovn\u00edho nebo neetick\u00e9ho chov\u00e1n\u00ed b\u011bhem turnajov\u00e9 hry, v bl\u00edzkosti hrac\u00edho stolu, kde se turnaj kon\u00e1, bude br\u00e1n jako naru\u0161en\u00ed etick\u00e9ho kodexu. Je vy\u017eadov\u00e1n vz\u00e1jemn\u00fd respekt mezi v\u0161emi hr\u00e1\u010di&nbsp;nebo div\u00e1ky. C\u00edlem ka\u017ed\u00e9ho hr\u00e1\u010de je reprezentovat stoln\u00ed fotbal co mo\u017en\u00e1 nejv\u00edce pozitivn\u011b a ve sportovn\u00edm duchu.&nbsp;Trestem za naru\u0161en\u00ed etick\u00e9ho kodexu m\u016f\u017ee b\u00fdt odn\u011bt\u00ed hry [&hellip;]<\/p>\n","protected":false},"author":1,"featured_media":357,"parent":0,"menu_order":0,"comment_status":"closed","ping_status":"closed","template":"","meta":{"footnotes":""},"class_list":["post-351","page","type-page","status-publish","has-post-thumbnail","hentry"],"jetpack-related-posts":[],"jetpack_sharing_enabled":true,"_links":{"self":[{"href":"https:\/\/zszelena42.eu\/foosball\/wp-json\/wp\/v2\/pages\/351","targetHints":{"allow":["GET"]}}],"collection":[{"href":"https:\/\/zszelena42.eu\/foosball\/wp-json\/wp\/v2\/pages"}],"about":[{"href":"https:\/\/zszelena42.eu\/foosball\/wp-json\/wp\/v2\/types\/page"}],"author":[{"embeddable":true,"href":"https:\/\/zszelena42.eu\/foosball\/wp-json\/wp\/v2\/users\/1"}],"replies":[{"embeddable":true,"href":"https:\/\/zszelena42.eu\/foosball\/wp-json\/wp\/v2\/comments?post=351"}],"version-history":[{"count":2,"href":"https:\/\/zszelena42.eu\/foosball\/wp-json\/wp\/v2\/pages\/351\/revisions"}],"predecessor-version":[{"id":358,"href":"https:\/\/zszelena42.eu\/foosball\/wp-json\/wp\/v2\/pages\/351\/revisions\/358"}],"wp:featuredmedia":[{"embeddable":true,"href":"https:\/\/zszelena42.eu\/foosball\/wp-json\/wp\/v2\/media\/357"}],"wp:attachment":[{"href":"https:\/\/zszelena42.eu\/foosball\/wp-json\/wp\/v2\/media?parent=351"}],"curies":[{"name":"wp","href":"https:\/\/api.w.org\/{rel}","templated":true}]}}