{"id":43187,"date":"2026-02-22T18:36:31","date_gmt":"2026-02-22T17:36:31","guid":{"rendered":"https:\/\/zszelena42.eu\/2021\/?page_id=43187"},"modified":"2026-04-20T09:39:19","modified_gmt":"2026-04-20T08:39:19","slug":"ozp2","status":"publish","type":"page","link":"https:\/\/zszelena42.eu\/2021\/ozp2\/","title":{"rendered":"OZP26_2"},"content":{"rendered":"\t\t<div data-elementor-type=\"wp-post\" data-elementor-id=\"43187\" class=\"elementor elementor-43187\">\n\t\t\t\t<div class=\"elementor-element elementor-element-c97dd90 e-con-full e-flex e-con e-parent\" data-id=\"c97dd90\" data-element_type=\"container\" data-e-type=\"container\">\n\t\t\t\t<div class=\"elementor-element elementor-element-0e92f16 elementor-widget elementor-widget-image\" data-id=\"0e92f16\" data-element_type=\"widget\" data-e-type=\"widget\" data-widget_type=\"image.default\">\n\t\t\t\t<div class=\"elementor-widget-container\">\n\t\t\t\t\t\t\t\t\t\t\t\t\t\t\t<img fetchpriority=\"high\" decoding=\"async\" width=\"1600\" height=\"896\" src=\"https:\/\/zszelena42.eu\/2021\/wp-content\/uploads\/2026\/02\/ozp_koleje.jpg\" class=\"attachment-full size-full wp-image-43384\" alt=\"\" srcset=\"https:\/\/zszelena42.eu\/2021\/wp-content\/uploads\/2026\/02\/ozp_koleje.jpg 1600w, https:\/\/zszelena42.eu\/2021\/wp-content\/uploads\/2026\/02\/ozp_koleje-500x280.jpg 500w, https:\/\/zszelena42.eu\/2021\/wp-content\/uploads\/2026\/02\/ozp_koleje-1024x573.jpg 1024w, https:\/\/zszelena42.eu\/2021\/wp-content\/uploads\/2026\/02\/ozp_koleje-200x112.jpg 200w, https:\/\/zszelena42.eu\/2021\/wp-content\/uploads\/2026\/02\/ozp_koleje-768x430.jpg 768w, https:\/\/zszelena42.eu\/2021\/wp-content\/uploads\/2026\/02\/ozp_koleje-1536x860.jpg 1536w\" sizes=\"(max-width: 1600px) 100vw, 1600px\" \/>\t\t\t\t\t\t\t\t\t\t\t\t\t\t\t<\/div>\n\t\t\t\t<\/div>\n\t\t\t\t<\/div>\n\t\t<div class=\"elementor-element elementor-element-f6c2f06 e-flex e-con-boxed e-con e-parent\" data-id=\"f6c2f06\" data-element_type=\"container\" data-e-type=\"container\">\n\t\t\t\t\t<div class=\"e-con-inner\">\n\t\t<div class=\"elementor-element elementor-element-11b227c e-con-full e-flex e-con e-child\" data-id=\"11b227c\" data-element_type=\"container\" data-e-type=\"container\">\n\t\t\t\t<div class=\"elementor-element elementor-element-62035a5 elementor-arrows-position-inside elementor-pagination-position-outside elementor-widget elementor-widget-image-carousel\" data-id=\"62035a5\" data-element_type=\"widget\" data-e-type=\"widget\" data-settings=\"{&quot;navigation&quot;:&quot;both&quot;,&quot;autoplay&quot;:&quot;yes&quot;,&quot;pause_on_hover&quot;:&quot;yes&quot;,&quot;pause_on_interaction&quot;:&quot;yes&quot;,&quot;autoplay_speed&quot;:5000,&quot;infinite&quot;:&quot;yes&quot;,&quot;speed&quot;:500}\" data-widget_type=\"image-carousel.default\">\n\t\t\t\t<div class=\"elementor-widget-container\">\n\t\t\t\t\t\t\t<div class=\"elementor-image-carousel-wrapper swiper\" role=\"region\" aria-roledescription=\"carousel\" aria-label=\"Obr\u00e1zkov\u00fd koloto\u010d\" dir=\"ltr\">\n\t\t\t<div class=\"elementor-image-carousel swiper-wrapper\" aria-live=\"off\">\n\t\t\t\t\t\t\t\t<div class=\"swiper-slide\" role=\"group\" aria-roledescription=\"slide\" aria-label=\"1 z 8\"><figure class=\"swiper-slide-inner\"><img decoding=\"async\" class=\"swiper-slide-image\" src=\"https:\/\/zszelena42.eu\/2021\/wp-content\/uploads\/2026\/04\/IMG_20260415_171249182_AE-300x300.jpg\" alt=\"IMG_20260415_171249182_AE\" \/><\/figure><\/div><div class=\"swiper-slide\" role=\"group\" aria-roledescription=\"slide\" aria-label=\"2 z 8\"><figure class=\"swiper-slide-inner\"><img decoding=\"async\" class=\"swiper-slide-image\" src=\"https:\/\/zszelena42.eu\/2021\/wp-content\/uploads\/2026\/04\/IMG_20260415_171305713_AE-300x300.jpg\" alt=\"IMG_20260415_171305713_AE\" \/><\/figure><\/div><div class=\"swiper-slide\" role=\"group\" aria-roledescription=\"slide\" aria-label=\"3 z 8\"><figure class=\"swiper-slide-inner\"><img decoding=\"async\" class=\"swiper-slide-image\" src=\"https:\/\/zszelena42.eu\/2021\/wp-content\/uploads\/2026\/04\/IMG_20260415_171313092_AE-300x300.jpg\" alt=\"IMG_20260415_171313092_AE\" \/><\/figure><\/div><div class=\"swiper-slide\" role=\"group\" aria-roledescription=\"slide\" aria-label=\"4 z 8\"><figure class=\"swiper-slide-inner\"><img decoding=\"async\" class=\"swiper-slide-image\" src=\"https:\/\/zszelena42.eu\/2021\/wp-content\/uploads\/2026\/04\/IMG_20260415_171320063_AE-300x300.jpg\" alt=\"IMG_20260415_171320063_AE\" \/><\/figure><\/div><div class=\"swiper-slide\" role=\"group\" aria-roledescription=\"slide\" aria-label=\"5 z 8\"><figure class=\"swiper-slide-inner\"><img decoding=\"async\" class=\"swiper-slide-image\" src=\"https:\/\/zszelena42.eu\/2021\/wp-content\/uploads\/2026\/04\/IMG_20260415_171337093_HDR_AE-300x300.jpg\" alt=\"IMG_20260415_171337093_HDR_AE\" \/><\/figure><\/div><div class=\"swiper-slide\" role=\"group\" aria-roledescription=\"slide\" aria-label=\"6 z 8\"><figure class=\"swiper-slide-inner\"><img decoding=\"async\" class=\"swiper-slide-image\" src=\"https:\/\/zszelena42.eu\/2021\/wp-content\/uploads\/2026\/04\/IMG_20260415_171342885_AE-300x300.jpg\" alt=\"IMG_20260415_171342885_AE\" \/><\/figure><\/div><div class=\"swiper-slide\" role=\"group\" aria-roledescription=\"slide\" aria-label=\"7 z 8\"><figure class=\"swiper-slide-inner\"><img decoding=\"async\" class=\"swiper-slide-image\" src=\"https:\/\/zszelena42.eu\/2021\/wp-content\/uploads\/2026\/04\/IMG_20260415_171347786_HDR_AE-300x300.jpg\" alt=\"IMG_20260415_171347786_HDR_AE\" \/><\/figure><\/div><div class=\"swiper-slide\" role=\"group\" aria-roledescription=\"slide\" aria-label=\"8 z 8\"><figure class=\"swiper-slide-inner\"><img decoding=\"async\" class=\"swiper-slide-image\" src=\"https:\/\/zszelena42.eu\/2021\/wp-content\/uploads\/2026\/04\/IMG_20260415_171351777_AE-300x300.jpg\" alt=\"IMG_20260415_171351777_AE\" \/><\/figure><\/div>\t\t\t<\/div>\n\t\t\t\t\t\t\t\t\t\t\t\t<div class=\"elementor-swiper-button elementor-swiper-button-prev\" role=\"button\" tabindex=\"0\">\n\t\t\t\t\t\t<svg aria-hidden=\"true\" class=\"e-font-icon-svg e-eicon-chevron-left\" viewBox=\"0 0 1000 1000\" xmlns=\"http:\/\/www.w3.org\/2000\/svg\"><path d=\"M646 125C629 125 613 133 604 142L308 442C296 454 292 471 292 487 292 504 296 521 308 533L604 854C617 867 629 875 646 875 663 875 679 871 692 858 704 846 713 829 713 812 713 796 708 779 692 767L438 487 692 225C700 217 708 204 708 187 708 171 704 154 692 142 675 129 663 125 646 125Z\"><\/path><\/svg>\t\t\t\t\t<\/div>\n\t\t\t\t\t<div class=\"elementor-swiper-button elementor-swiper-button-next\" role=\"button\" tabindex=\"0\">\n\t\t\t\t\t\t<svg aria-hidden=\"true\" class=\"e-font-icon-svg e-eicon-chevron-right\" viewBox=\"0 0 1000 1000\" xmlns=\"http:\/\/www.w3.org\/2000\/svg\"><path d=\"M696 533C708 521 713 504 713 487 713 471 708 454 696 446L400 146C388 133 375 125 354 125 338 125 325 129 313 142 300 154 292 171 292 187 292 204 296 221 308 233L563 492 304 771C292 783 288 800 288 817 288 833 296 850 308 863 321 871 338 875 354 875 371 875 388 867 400 854L696 533Z\"><\/path><\/svg>\t\t\t\t\t<\/div>\n\t\t\t\t\n\t\t\t\t\t\t\t\t\t<div class=\"swiper-pagination\"><\/div>\n\t\t\t\t\t\t\t\t\t<\/div>\n\t\t\t\t\t\t<\/div>\n\t\t\t\t<\/div>\n\t\t\t\t<div class=\"elementor-element elementor-element-63587d6 elementor-widget elementor-widget-premium-addon-person\" data-id=\"63587d6\" data-element_type=\"widget\" data-e-type=\"widget\" data-settings=\"{&quot;persons_per_row&quot;:&quot;25%&quot;,&quot;persons_per_row_tablet&quot;:&quot;100%&quot;,&quot;persons_per_row_mobile&quot;:&quot;100%&quot;}\" data-widget_type=\"premium-addon-person.default\">\n\t\t\t\t<div class=\"elementor-widget-container\">\n\t\t\t\t\t\t\t<div class=\"premium-persons-container premium-person-style1 multiple-persons\" data-persons-equal=\"\">\n\t\t\t\t\t\t\t\t<div class=\"premium-person-container premium-person-zoomin-effect\">\n\t\t\t\t\t\t<div class=\"premium-person-image-container\">\n\t\t\t\t\t\t<img decoding=\"async\" width=\"408\" height=\"612\" src=\"https:\/\/zszelena42.eu\/2021\/wp-content\/uploads\/2026\/02\/zmijozel_vlajka-removebg-preview.png\" class=\"attachment-full size-full wp-image-43213\" alt=\"\" srcset=\"https:\/\/zszelena42.eu\/2021\/wp-content\/uploads\/2026\/02\/zmijozel_vlajka-removebg-preview.png 408w, https:\/\/zszelena42.eu\/2021\/wp-content\/uploads\/2026\/02\/zmijozel_vlajka-removebg-preview-333x500.png 333w, https:\/\/zszelena42.eu\/2021\/wp-content\/uploads\/2026\/02\/zmijozel_vlajka-removebg-preview-133x200.png 133w\" sizes=\"(max-width: 408px) 100vw, 408px\" \/>\t\t\t\t\t\t\t\t\t\t\t\t\t<\/div>\n\t\t\t\t\t\t<div class=\"premium-person-info\">\n\t\t\t\t\t\t\t\t\t\t<div class=\"premium-person-info-container\">\n\t\t\t\t\t\t\t\t\t<h2 class=\"premium-person-name\">6.A<\/h2>\n\t\t\t\t\t\t\t\t\t\t\t<h4 class=\"premium-person-title\">\n\t\t\t\t\t\t\t<span><p>JO\u017d\u00c1CI<\/p><p>Motto: \u201eJo\u017e\u00e1ci v akci!\u201c<\/p><\/span>\n\t\t\t\t\t\t<\/h4>\n\t\t\t\t\t\t\t\t\t\t\t<div class=\"premium-person-content\">\n\t\t\t\t\t\t\t<p>Hodnoty: ambice \u2022 d\u016fvtip \u2022 strategie<br \/>Barvy: zelen\u00e1 &amp; st\u0159\u00edbrn\u00e1<\/p>\t\t\t\t\t\t<\/div>\n\t\t\t\t\t<ul class=\"premium-person-social-list\">\t\t\t\t<li class=\"elementor-icon premium-person-list-item premium-person-site\">\n\t\t\t\t\t<a href=\"#\" target=\"_blank\">\n\t\t\t\t\t\t<i class=\"fa fa-link\" aria-hidden=\"true\"><\/i>\n\t\t\t\t\t<\/a>\n\t\t\t\t<\/li>\n\t\t\t\t<\/ul>\t\t\t<\/div>\n\t\t\t\t\t\t\t\t\t<\/div>\n\t\t\t\t\t<\/div>\n\t\t\t\t\t\t\t\t\t\t<div class=\"premium-person-container premium-person-zoomin-effect\">\n\t\t\t\t\t\t<div class=\"premium-person-image-container\">\n\t\t\t\t\t\t<img decoding=\"async\" width=\"408\" height=\"612\" src=\"https:\/\/zszelena42.eu\/2021\/wp-content\/uploads\/2026\/02\/nebelvir_vlajka-removebg-preview.png\" class=\"attachment-full size-full wp-image-43214\" alt=\"\" srcset=\"https:\/\/zszelena42.eu\/2021\/wp-content\/uploads\/2026\/02\/nebelvir_vlajka-removebg-preview.png 408w, https:\/\/zszelena42.eu\/2021\/wp-content\/uploads\/2026\/02\/nebelvir_vlajka-removebg-preview-333x500.png 333w, https:\/\/zszelena42.eu\/2021\/wp-content\/uploads\/2026\/02\/nebelvir_vlajka-removebg-preview-133x200.png 133w\" sizes=\"(max-width: 408px) 100vw, 408px\" \/>\t\t\t\t\t\t\t\t\t\t\t\t\t<\/div>\n\t\t\t\t\t\t<div class=\"premium-person-info\">\n\t\t\t\t\t\t\t\t\t\t<div class=\"premium-person-info-container\">\n\t\t\t\t\t\t\t\t\t<h2 class=\"premium-person-name\">6.B<\/h2>\n\t\t\t\t\t\t\t\t\t\t\t<h4 class=\"premium-person-title\">\n\t\t\t\t\t\t\t<span><p>DOBORV\u00cdR<\/p>\n<p>Motto: \u201eSpolu jsem nejsiln\u011bj\u0161\u00ed, p\u0159\u00e1telstv\u00ed a moudrost v\u00edt\u011bz\u00ed.\u201c<\/p><\/span>\n\t\t\t\t\t\t<\/h4>\n\t\t\t\t\t\t\t\t\t\t\t<div class=\"premium-person-content\">\n\t\t\t\t\t\t\t<p>Hodnoty: odvaha \u2022 chrabrost \u2022 ryt\u00ed\u0159skost<br \/>Barvy: \u010derven\u00e1 &amp; zlat\u00e1<\/p>\t\t\t\t\t\t<\/div>\n\t\t\t\t\t<ul class=\"premium-person-social-list\">\t\t\t\t<li class=\"elementor-icon premium-person-list-item premium-person-site\">\n\t\t\t\t\t<a href=\"#\" target=\"_blank\">\n\t\t\t\t\t\t<i class=\"fa fa-link\" aria-hidden=\"true\"><\/i>\n\t\t\t\t\t<\/a>\n\t\t\t\t<\/li>\n\t\t\t\t<\/ul>\t\t\t<\/div>\n\t\t\t\t\t\t\t\t\t<\/div>\n\t\t\t\t\t<\/div>\n\t\t\t\t\t\t\t\t\t\t<div class=\"premium-person-container premium-person-zoomin-effect\">\n\t\t\t\t\t\t<div class=\"premium-person-image-container\">\n\t\t\t\t\t\t<img loading=\"lazy\" decoding=\"async\" width=\"408\" height=\"612\" src=\"https:\/\/zszelena42.eu\/2021\/wp-content\/uploads\/2026\/02\/havraspar_vlajka-removebg-preview.png\" class=\"attachment-full size-full wp-image-43212\" alt=\"\" srcset=\"https:\/\/zszelena42.eu\/2021\/wp-content\/uploads\/2026\/02\/havraspar_vlajka-removebg-preview.png 408w, https:\/\/zszelena42.eu\/2021\/wp-content\/uploads\/2026\/02\/havraspar_vlajka-removebg-preview-333x500.png 333w, https:\/\/zszelena42.eu\/2021\/wp-content\/uploads\/2026\/02\/havraspar_vlajka-removebg-preview-133x200.png 133w\" sizes=\"(max-width: 408px) 100vw, 408px\" \/>\t\t\t\t\t\t\t\t\t\t\t\t\t<\/div>\n\t\t\t\t\t\t<div class=\"premium-person-info\">\n\t\t\t\t\t\t\t\t\t\t<div class=\"premium-person-info-container\">\n\t\t\t\t\t\t\t\t\t<h2 class=\"premium-person-name\">7.A<\/h2>\n\t\t\t\t\t\t\t\t\t\t\t<h4 class=\"premium-person-title\">\n\t\t\t\t\t\t\t<span><p>PT\u00c1CI DAREB\u00c1CI<\/p><p>Motto: \u201e67 v srdci m\u00e1me, jdeme vp\u0159ed a nikdy to nevzd\u00e1me.\u201c<\/p><\/span>\n\t\t\t\t\t\t<\/h4>\n\t\t\t\t\t\t\t\t\t\t\t<div class=\"premium-person-content\">\n\t\t\t\t\t\t\t<p>Hodnoty: inteligence \u2022 moudrost \u2022 kreativita<br \/>Barvy: modr\u00e1 &amp; bronzov\u00e1<\/p>\t\t\t\t\t\t<\/div>\n\t\t\t\t\t<ul class=\"premium-person-social-list\">\t\t\t\t<li class=\"elementor-icon premium-person-list-item premium-person-site\">\n\t\t\t\t\t<a href=\"#\" target=\"_blank\">\n\t\t\t\t\t\t<i class=\"fa fa-link\" aria-hidden=\"true\"><\/i>\n\t\t\t\t\t<\/a>\n\t\t\t\t<\/li>\n\t\t\t\t<\/ul>\t\t\t<\/div>\n\t\t\t\t\t\t\t\t\t<\/div>\n\t\t\t\t\t<\/div>\n\t\t\t\t\t\t\t\t\t\t<div class=\"premium-person-container premium-person-zoomin-effect\">\n\t\t\t\t\t\t<div class=\"premium-person-image-container\">\n\t\t\t\t\t\t<img loading=\"lazy\" decoding=\"async\" width=\"408\" height=\"612\" src=\"https:\/\/zszelena42.eu\/2021\/wp-content\/uploads\/2026\/02\/mrzimor_vlajka.png\" class=\"attachment-full size-full wp-image-43215\" alt=\"\" srcset=\"https:\/\/zszelena42.eu\/2021\/wp-content\/uploads\/2026\/02\/mrzimor_vlajka.png 408w, https:\/\/zszelena42.eu\/2021\/wp-content\/uploads\/2026\/02\/mrzimor_vlajka-333x500.png 333w, https:\/\/zszelena42.eu\/2021\/wp-content\/uploads\/2026\/02\/mrzimor_vlajka-133x200.png 133w\" sizes=\"(max-width: 408px) 100vw, 408px\" \/>\t\t\t\t\t\t\t\t\t\t\t\t\t<\/div>\n\t\t\t\t\t\t<div class=\"premium-person-info\">\n\t\t\t\t\t\t\t\t\t\t<div class=\"premium-person-info-container\">\n\t\t\t\t\t\t\t\t\t<h2 class=\"premium-person-name\">7.B<\/h2>\n\t\t\t\t\t\t\t\t\t\t\t<h4 class=\"premium-person-title\">\n\t\t\t\t\t\t\t<span><p>R\u016eZNOMIL<\/p><p>Motto: \u201eSpole\u010dn\u00fdmi silami, ke zd\u00e1rn\u00e9mu konci\u201c<\/p><\/span>\n\t\t\t\t\t\t<\/h4>\n\t\t\t\t\t\t\t\t\t\t\t<div class=\"premium-person-content\">\n\t\t\t\t\t\t\t<p>Hodnoty: pracovitost \u2022 v\u011brnost \u2022 poctivost<br \/>Barvy: \u017elut\u00e1 &amp; \u010dern\u00e1<\/p>\t\t\t\t\t\t<\/div>\n\t\t\t\t\t<ul class=\"premium-person-social-list\">\t\t\t\t<li class=\"elementor-icon premium-person-list-item premium-person-site\">\n\t\t\t\t\t<a href=\"#\" target=\"_blank\">\n\t\t\t\t\t\t<i class=\"fa fa-link\" aria-hidden=\"true\"><\/i>\n\t\t\t\t\t<\/a>\n\t\t\t\t<\/li>\n\t\t\t\t<\/ul>\t\t\t<\/div>\n\t\t\t\t\t\t\t\t\t<\/div>\n\t\t\t\t\t<\/div>\n\t\t\t\t\t\t\t<\/div>\n\t\t\t\t\t\t<\/div>\n\t\t\t\t<\/div>\n\t\t\t\t<\/div>\n\t\t\t\t\t<\/div>\n\t\t\t\t<\/div>\n\t\t<div class=\"elementor-element elementor-element-797308b e-con-full e-flex e-con e-parent\" data-id=\"797308b\" data-element_type=\"container\" data-e-type=\"container\">\n\t\t\t\t<\/div>\n\t\t<div class=\"elementor-element elementor-element-43ea525 e-flex e-con-boxed e-con e-parent\" data-id=\"43ea525\" data-element_type=\"container\" data-e-type=\"container\">\n\t\t\t\t\t<div class=\"e-con-inner\">\n\t\t<div class=\"elementor-element elementor-element-0c24a9f e-con-full e-flex e-con e-child\" data-id=\"0c24a9f\" data-element_type=\"container\" data-e-type=\"container\">\n\t\t\t\t<div class=\"elementor-element elementor-element-fa3e798 elementor-widget elementor-widget-image\" data-id=\"fa3e798\" data-element_type=\"widget\" data-e-type=\"widget\" data-widget_type=\"image.default\">\n\t\t\t\t<div class=\"elementor-widget-container\">\n\t\t\t\t\t\t\t\t\t\t\t\t\t\t\t<img loading=\"lazy\" decoding=\"async\" width=\"1024\" height=\"573\" src=\"https:\/\/zszelena42.eu\/2021\/wp-content\/uploads\/2026\/02\/herni_zona1-1024x573.jpg\" class=\"attachment-large size-large wp-image-43267\" alt=\"\" srcset=\"https:\/\/zszelena42.eu\/2021\/wp-content\/uploads\/2026\/02\/herni_zona1-1024x573.jpg 1024w, https:\/\/zszelena42.eu\/2021\/wp-content\/uploads\/2026\/02\/herni_zona1-500x280.jpg 500w, https:\/\/zszelena42.eu\/2021\/wp-content\/uploads\/2026\/02\/herni_zona1-200x112.jpg 200w, https:\/\/zszelena42.eu\/2021\/wp-content\/uploads\/2026\/02\/herni_zona1-768x430.jpg 768w, https:\/\/zszelena42.eu\/2021\/wp-content\/uploads\/2026\/02\/herni_zona1-1536x860.jpg 1536w, https:\/\/zszelena42.eu\/2021\/wp-content\/uploads\/2026\/02\/herni_zona1.jpg 1600w\" sizes=\"(max-width: 1024px) 100vw, 1024px\" \/>\t\t\t\t\t\t\t\t\t\t\t\t\t\t\t<\/div>\n\t\t\t\t<\/div>\n\t\t\t\t<\/div>\n\t\t\t\t\t<\/div>\n\t\t\t\t<\/div>\n\t\t<div class=\"elementor-element elementor-element-1952d11 e-flex e-con-boxed e-con e-parent\" data-id=\"1952d11\" data-element_type=\"container\" data-e-type=\"container\">\n\t\t\t\t\t<div class=\"e-con-inner\">\n\t\t<div class=\"elementor-element elementor-element-aa1ac32 e-con-full e-flex e-con e-child\" data-id=\"aa1ac32\" data-element_type=\"container\" data-e-type=\"container\">\n\t\t\t\t<div class=\"elementor-element elementor-element-1d7fc99 elementor-widget elementor-widget-image\" data-id=\"1d7fc99\" data-element_type=\"widget\" data-e-type=\"widget\" data-widget_type=\"image.default\">\n\t\t\t\t<div class=\"elementor-widget-container\">\n\t\t\t\t\t\t\t\t\t\t\t\t\t\t\t\t<a href=\"https:\/\/zszelena42.eu\/2021\/2025-2026\/ozp-2026\/kviz\/\">\n\t\t\t\t\t\t\t<img loading=\"lazy\" decoding=\"async\" width=\"1024\" height=\"573\" src=\"https:\/\/zszelena42.eu\/2021\/wp-content\/uploads\/2026\/02\/KVIZ-1024x573.jpg\" class=\"attachment-large size-large wp-image-43269\" alt=\"\" srcset=\"https:\/\/zszelena42.eu\/2021\/wp-content\/uploads\/2026\/02\/KVIZ-1024x573.jpg 1024w, https:\/\/zszelena42.eu\/2021\/wp-content\/uploads\/2026\/02\/KVIZ-500x280.jpg 500w, https:\/\/zszelena42.eu\/2021\/wp-content\/uploads\/2026\/02\/KVIZ-200x112.jpg 200w, https:\/\/zszelena42.eu\/2021\/wp-content\/uploads\/2026\/02\/KVIZ-768x430.jpg 768w, https:\/\/zszelena42.eu\/2021\/wp-content\/uploads\/2026\/02\/KVIZ-1536x860.jpg 1536w, https:\/\/zszelena42.eu\/2021\/wp-content\/uploads\/2026\/02\/KVIZ.jpg 1600w\" sizes=\"(max-width: 1024px) 100vw, 1024px\" \/>\t\t\t\t\t\t\t\t<\/a>\n\t\t\t\t\t\t\t\t\t\t\t\t\t\t\t<\/div>\n\t\t\t\t<\/div>\n\t\t\t\t<\/div>\n\t\t<div class=\"elementor-element elementor-element-6f16f0b e-con-full e-flex e-con e-child\" data-id=\"6f16f0b\" data-element_type=\"container\" data-e-type=\"container\">\n\t\t\t\t<div class=\"elementor-element elementor-element-b498daa elementor-widget elementor-widget-image\" data-id=\"b498daa\" data-element_type=\"widget\" data-e-type=\"widget\" data-widget_type=\"image.default\">\n\t\t\t\t<div class=\"elementor-widget-container\">\n\t\t\t\t\t\t\t\t\t\t\t\t\t\t\t\t<a href=\"https:\/\/zszelena42.eu\/2021\/2025-2026\/ozp-2026\/pexeso\/\">\n\t\t\t\t\t\t\t<img loading=\"lazy\" decoding=\"async\" width=\"1024\" height=\"573\" src=\"https:\/\/zszelena42.eu\/2021\/wp-content\/uploads\/2026\/02\/PEXESO-1024x573.jpg\" class=\"attachment-large size-large wp-image-43270\" alt=\"\" srcset=\"https:\/\/zszelena42.eu\/2021\/wp-content\/uploads\/2026\/02\/PEXESO-1024x573.jpg 1024w, https:\/\/zszelena42.eu\/2021\/wp-content\/uploads\/2026\/02\/PEXESO-500x280.jpg 500w, https:\/\/zszelena42.eu\/2021\/wp-content\/uploads\/2026\/02\/PEXESO-200x112.jpg 200w, https:\/\/zszelena42.eu\/2021\/wp-content\/uploads\/2026\/02\/PEXESO-768x430.jpg 768w, https:\/\/zszelena42.eu\/2021\/wp-content\/uploads\/2026\/02\/PEXESO-1536x860.jpg 1536w, https:\/\/zszelena42.eu\/2021\/wp-content\/uploads\/2026\/02\/PEXESO.jpg 1600w\" sizes=\"(max-width: 1024px) 100vw, 1024px\" \/>\t\t\t\t\t\t\t\t<\/a>\n\t\t\t\t\t\t\t\t\t\t\t\t\t\t\t<\/div>\n\t\t\t\t<\/div>\n\t\t\t\t<\/div>\n\t\t<div class=\"elementor-element elementor-element-bd9c05d e-con-full e-flex e-con e-child\" data-id=\"bd9c05d\" data-element_type=\"container\" data-e-type=\"container\">\n\t\t\t\t<\/div>\n\t\t<div class=\"elementor-element elementor-element-5804cc1 e-con-full e-flex e-con e-child\" data-id=\"5804cc1\" data-element_type=\"container\" data-e-type=\"container\">\n\t\t\t\t<\/div>\n\t\t\t\t\t<\/div>\n\t\t\t\t<\/div>\n\t\t\t\t<\/div>\n\t\t","protected":false},"excerpt":{"rendered":"<p>6.A JO\u017d\u00c1CI Motto: \u201eJo\u017e\u00e1ci v akci!\u201c Hodnoty: ambice \u2022 d\u016fvtip \u2022 strategieBarvy: zelen\u00e1 &amp; st\u0159\u00edbrn\u00e1 6.B DOBORV\u00cdR Motto: \u201eSpolu jsem nejsiln\u011bj\u0161\u00ed, p\u0159\u00e1telstv\u00ed a moudrost v\u00edt\u011bz\u00ed.\u201c Hodnoty: odvaha \u2022 chrabrost \u2022 ryt\u00ed\u0159skostBarvy: \u010derven\u00e1 &amp; zlat\u00e1 7.A PT\u00c1CI DAREB\u00c1CI Motto: \u201e67 v srdci m\u00e1me, jdeme vp\u0159ed a nikdy to nevzd\u00e1me.\u201c Hodnoty: inteligence \u2022 moudrost \u2022 kreativitaBarvy: modr\u00e1&hellip;&nbsp;<a href=\"https:\/\/zszelena42.eu\/2021\/ozp2\/\" rel=\"bookmark\">\u010c\u00edst d\u00e1le &raquo;<span class=\"screen-reader-text\">OZP26_2<\/span><\/a><\/p>\n","protected":false},"author":16,"featured_media":0,"parent":0,"menu_order":0,"comment_status":"closed","ping_status":"closed","template":"page-templates\/template-pagebuilder-full-width.php","meta":{"neve_meta_sidebar":"left","neve_meta_container":"full-width","neve_meta_enable_content_width":"","neve_meta_content_width":70,"neve_meta_title_alignment":"","neve_meta_author_avatar":"","neve_post_elements_order":"","neve_meta_disable_header":"","neve_meta_disable_footer":"","neve_meta_disable_title":"","footnotes":""},"class_list":["post-43187","page","type-page","status-publish","hentry"],"_links":{"self":[{"href":"https:\/\/zszelena42.eu\/2021\/wp-json\/wp\/v2\/pages\/43187","targetHints":{"allow":["GET"]}}],"collection":[{"href":"https:\/\/zszelena42.eu\/2021\/wp-json\/wp\/v2\/pages"}],"about":[{"href":"https:\/\/zszelena42.eu\/2021\/wp-json\/wp\/v2\/types\/page"}],"author":[{"embeddable":true,"href":"https:\/\/zszelena42.eu\/2021\/wp-json\/wp\/v2\/users\/16"}],"replies":[{"embeddable":true,"href":"https:\/\/zszelena42.eu\/2021\/wp-json\/wp\/v2\/comments?post=43187"}],"version-history":[{"count":71,"href":"https:\/\/zszelena42.eu\/2021\/wp-json\/wp\/v2\/pages\/43187\/revisions"}],"predecessor-version":[{"id":45084,"href":"https:\/\/zszelena42.eu\/2021\/wp-json\/wp\/v2\/pages\/43187\/revisions\/45084"}],"wp:attachment":[{"href":"https:\/\/zszelena42.eu\/2021\/wp-json\/wp\/v2\/media?parent=43187"}],"curies":[{"name":"wp","href":"https:\/\/api.w.org\/{rel}","templated":true}]}}