{"id":36136,"date":"2024-12-17T17:24:00","date_gmt":"2024-12-17T16:24:00","guid":{"rendered":"https:\/\/zszelena42.eu\/2021\/?page_id=36136"},"modified":"2025-12-11T17:45:13","modified_gmt":"2025-12-11T16:45:13","slug":"video","status":"publish","type":"page","link":"https:\/\/zszelena42.eu\/2021\/video\/","title":{"rendered":"video"},"content":{"rendered":"\t\t<div data-elementor-type=\"wp-page\" data-elementor-id=\"36136\" class=\"elementor elementor-36136\">\n\t\t\t\t<div class=\"elementor-element elementor-element-a0ff794 e-grid e-con-full e-con e-parent\" data-id=\"a0ff794\" data-element_type=\"container\" data-e-type=\"container\">\n\t\t\t\t<div class=\"elementor-element elementor-element-63ce576 elementor-widget__width-auto elementor-widget elementor-widget-image\" data-id=\"63ce576\" data-element_type=\"widget\" data-e-type=\"widget\" data-widget_type=\"image.default\">\n\t\t\t\t<div class=\"elementor-widget-container\">\n\t\t\t\t\t\t\t\t\t\t\t\t<figure class=\"wp-caption\">\n\t\t\t\t\t\t\t\t\t\t\t<a href=\"https:\/\/drive.google.com\/file\/d\/1oK2LHtyNvp-Fkt1KBbxbL0NuT2RMRKyc\/view\">\n\t\t\t\t\t\t\t<img fetchpriority=\"high\" decoding=\"async\" width=\"930\" height=\"620\" src=\"https:\/\/zszelena42.eu\/2021\/wp-content\/uploads\/2025\/12\/Snimek-obrazovky-2025-12-11-170132-930x620.jpg\" class=\"attachment-neve-blog size-neve-blog wp-image-42053\" alt=\"\" \/>\t\t\t\t\t\t\t\t<\/a>\n\t\t\t\t\t\t\t\t\t\t\t<figcaption class=\"widget-image-caption wp-caption-text\">V\u00c1NOCE S BAN\u00cdKEM 2025<\/figcaption>\n\t\t\t\t\t\t\t\t\t\t<\/figure>\n\t\t\t\t\t\t\t\t\t<\/div>\n\t\t\t\t<\/div>\n\t\t\t\t<div class=\"elementor-element elementor-element-b35a186 elementor-widget__width-auto elementor-widget elementor-widget-image\" data-id=\"b35a186\" data-element_type=\"widget\" data-e-type=\"widget\" data-widget_type=\"image.default\">\n\t\t\t\t<div class=\"elementor-widget-container\">\n\t\t\t\t\t\t\t\t\t\t\t\t<figure class=\"wp-caption\">\n\t\t\t\t\t\t\t\t\t\t\t<a href=\"https:\/\/drive.google.com\/file\/d\/1DDJ2Hr5GXoYbyZcEHdCOUmDKlW9WjYuh\/view\">\n\t\t\t\t\t\t\t<img decoding=\"async\" width=\"927\" height=\"588\" src=\"https:\/\/zszelena42.eu\/2021\/wp-content\/uploads\/2025\/12\/Snimek-obrazovky-2025-12-11-174451.jpg\" class=\"attachment-neve-blog size-neve-blog wp-image-42101\" alt=\"\" srcset=\"https:\/\/zszelena42.eu\/2021\/wp-content\/uploads\/2025\/12\/Snimek-obrazovky-2025-12-11-174451.jpg 927w, https:\/\/zszelena42.eu\/2021\/wp-content\/uploads\/2025\/12\/Snimek-obrazovky-2025-12-11-174451-500x317.jpg 500w, https:\/\/zszelena42.eu\/2021\/wp-content\/uploads\/2025\/12\/Snimek-obrazovky-2025-12-11-174451-200x127.jpg 200w, https:\/\/zszelena42.eu\/2021\/wp-content\/uploads\/2025\/12\/Snimek-obrazovky-2025-12-11-174451-768x487.jpg 768w\" sizes=\"(max-width: 927px) 100vw, 927px\" \/>\t\t\t\t\t\t\t\t<\/a>\n\t\t\t\t\t\t\t\t\t\t\t<figcaption class=\"widget-image-caption wp-caption-text\">MIKUL\u00c1\u0160 2025<\/figcaption>\n\t\t\t\t\t\t\t\t\t\t<\/figure>\n\t\t\t\t\t\t\t\t\t<\/div>\n\t\t\t\t<\/div>\n\t\t\t\t<div class=\"elementor-element elementor-element-3067713 elementor-widget__width-auto elementor-widget elementor-widget-image\" data-id=\"3067713\" data-element_type=\"widget\" data-e-type=\"widget\" data-widget_type=\"image.default\">\n\t\t\t\t<div class=\"elementor-widget-container\">\n\t\t\t\t\t\t\t\t\t\t\t\t<figure class=\"wp-caption\">\n\t\t\t\t\t\t\t\t\t\t\t<a href=\"https:\/\/drive.google.com\/file\/d\/1du9QgHlnRN1qlOg4xz6iDK6R8UJxW8Z9\/view\">\n\t\t\t\t\t\t\t<img decoding=\"async\" width=\"930\" height=\"612\" src=\"https:\/\/zszelena42.eu\/2021\/wp-content\/uploads\/2025\/12\/Snimek-obrazovky-2025-12-11-172401-930x612.jpg\" class=\"attachment-neve-blog size-neve-blog wp-image-42061\" alt=\"\" \/>\t\t\t\t\t\t\t\t<\/a>\n\t\t\t\t\t\t\t\t\t\t\t<figcaption class=\"widget-image-caption wp-caption-text\">ROZSV\u011aCEN\u00cd STROME\u010cKU 2025<\/figcaption>\n\t\t\t\t\t\t\t\t\t\t<\/figure>\n\t\t\t\t\t\t\t\t\t<\/div>\n\t\t\t\t<\/div>\n\t\t\t\t<div class=\"elementor-element elementor-element-b9eb7af elementor-widget__width-auto elementor-widget elementor-widget-image\" data-id=\"b9eb7af\" data-element_type=\"widget\" data-e-type=\"widget\" data-widget_type=\"image.default\">\n\t\t\t\t<div class=\"elementor-widget-container\">\n\t\t\t\t\t\t\t\t\t\t\t\t<figure class=\"wp-caption\">\n\t\t\t\t\t\t\t\t\t\t\t<a href=\"https:\/\/drive.google.com\/file\/d\/1gtQh12IVhxWAPHlEnvS0K7KWJXi2-HyT\/view\">\n\t\t\t\t\t\t\t<img loading=\"lazy\" decoding=\"async\" width=\"930\" height=\"620\" src=\"https:\/\/zszelena42.eu\/2021\/wp-content\/uploads\/2025\/12\/Snimek-obrazovky-2025-12-11-173353-930x620.jpg\" class=\"attachment-neve-blog size-neve-blog wp-image-42077\" alt=\"\" \/>\t\t\t\t\t\t\t\t<\/a>\n\t\t\t\t\t\t\t\t\t\t\t<figcaption class=\"widget-image-caption wp-caption-text\">V\u00c1NO\u010cN\u00cd JARMARK 2025<\/figcaption>\n\t\t\t\t\t\t\t\t\t\t<\/figure>\n\t\t\t\t\t\t\t\t\t<\/div>\n\t\t\t\t<\/div>\n\t\t\t\t<div class=\"elementor-element elementor-element-c2cb66a elementor-widget__width-auto elementor-widget elementor-widget-image\" data-id=\"c2cb66a\" data-element_type=\"widget\" data-e-type=\"widget\" data-widget_type=\"image.default\">\n\t\t\t\t<div class=\"elementor-widget-container\">\n\t\t\t\t\t\t\t\t\t\t\t\t<figure class=\"wp-caption\">\n\t\t\t\t\t\t\t\t\t\t\t<a href=\"https:\/\/drive.google.com\/file\/d\/12NQ8yhSjxd4Nk7l7J0w0waQOfj6beywL\/view\">\n\t\t\t\t\t\t\t<img loading=\"lazy\" decoding=\"async\" width=\"930\" height=\"620\" src=\"https:\/\/zszelena42.eu\/2021\/wp-content\/uploads\/2025\/12\/Snimek-obrazovky-2025-12-11-173001-930x620.jpg\" class=\"attachment-neve-blog size-neve-blog wp-image-42073\" alt=\"\" \/>\t\t\t\t\t\t\t\t<\/a>\n\t\t\t\t\t\t\t\t\t\t\t<figcaption class=\"widget-image-caption wp-caption-text\">ZIMA NA ZELEN\u00c9 2025<\/figcaption>\n\t\t\t\t\t\t\t\t\t\t<\/figure>\n\t\t\t\t\t\t\t\t\t<\/div>\n\t\t\t\t<\/div>\n\t\t\t\t<div class=\"elementor-element elementor-element-f48cae2 elementor-widget__width-auto elementor-widget elementor-widget-image\" data-id=\"f48cae2\" data-element_type=\"widget\" data-e-type=\"widget\" data-widget_type=\"image.default\">\n\t\t\t\t<div class=\"elementor-widget-container\">\n\t\t\t\t\t\t\t\t\t\t\t\t<figure class=\"wp-caption\">\n\t\t\t\t\t\t\t\t\t\t\t<a href=\"https:\/\/drive.google.com\/drive\/u\/1\/folders\/1sIRT8h2zLUEgAFeorwppi6-9PdnBXrx2\">\n\t\t\t\t\t\t\t<img loading=\"lazy\" decoding=\"async\" width=\"930\" height=\"620\" src=\"https:\/\/zszelena42.eu\/2021\/wp-content\/uploads\/2025\/12\/Snimek-obrazovky-2025-12-11-173507-930x620.jpg\" class=\"attachment-neve-blog size-neve-blog wp-image-42081\" alt=\"\" \/>\t\t\t\t\t\t\t\t<\/a>\n\t\t\t\t\t\t\t\t\t\t\t<figcaption class=\"widget-image-caption wp-caption-text\">DEN PRO MOU T\u0158\u00cdDU<\/figcaption>\n\t\t\t\t\t\t\t\t\t\t<\/figure>\n\t\t\t\t\t\t\t\t\t<\/div>\n\t\t\t\t<\/div>\n\t\t\t\t<div class=\"elementor-element elementor-element-8fb64d2 elementor-widget__width-auto elementor-widget elementor-widget-image\" data-id=\"8fb64d2\" data-element_type=\"widget\" data-e-type=\"widget\" data-widget_type=\"image.default\">\n\t\t\t\t<div class=\"elementor-widget-container\">\n\t\t\t\t\t\t\t\t\t\t\t\t<figure class=\"wp-caption\">\n\t\t\t\t\t\t\t\t\t\t\t<a href=\"https:\/\/drive.google.com\/file\/d\/1E_xtyM7t61i95GyiKDlXiJALPR1ihHtp\/view\">\n\t\t\t\t\t\t\t<img loading=\"lazy\" decoding=\"async\" width=\"930\" height=\"620\" src=\"https:\/\/zszelena42.eu\/2021\/wp-content\/uploads\/2025\/12\/Snimek-obrazovky-2025-12-11-172816-930x620.jpg\" class=\"attachment-neve-blog size-neve-blog wp-image-42069\" alt=\"\" \/>\t\t\t\t\t\t\t\t<\/a>\n\t\t\t\t\t\t\t\t\t\t\t<figcaption class=\"widget-image-caption wp-caption-text\">HALLOWEEN 2025<\/figcaption>\n\t\t\t\t\t\t\t\t\t\t<\/figure>\n\t\t\t\t\t\t\t\t\t<\/div>\n\t\t\t\t<\/div>\n\t\t\t\t<div class=\"elementor-element elementor-element-2d3d5be elementor-widget__width-auto elementor-widget elementor-widget-image\" data-id=\"2d3d5be\" data-element_type=\"widget\" data-e-type=\"widget\" data-widget_type=\"image.default\">\n\t\t\t\t<div class=\"elementor-widget-container\">\n\t\t\t\t\t\t\t\t\t\t\t\t<figure class=\"wp-caption\">\n\t\t\t\t\t\t\t\t\t\t\t<a href=\"https:\/\/drive.google.com\/file\/d\/1hd84eS8OAmKRxPmrXjAFCDfvqfWM7Ej1\/view\">\n\t\t\t\t\t\t\t<img loading=\"lazy\" decoding=\"async\" width=\"930\" height=\"620\" src=\"https:\/\/zszelena42.eu\/2021\/wp-content\/uploads\/2025\/12\/Snimek-obrazovky-2025-12-11-172136-930x620.jpg\" class=\"attachment-neve-blog size-neve-blog wp-image-42057\" alt=\"\" \/>\t\t\t\t\t\t\t\t<\/a>\n\t\t\t\t\t\t\t\t\t\t\t<figcaption class=\"widget-image-caption wp-caption-text\">BONFIRE NIGHT 2025<\/figcaption>\n\t\t\t\t\t\t\t\t\t\t<\/figure>\n\t\t\t\t\t\t\t\t\t<\/div>\n\t\t\t\t<\/div>\n\t\t\t\t<div class=\"elementor-element elementor-element-cbb3469 elementor-widget__width-auto elementor-widget elementor-widget-image\" data-id=\"cbb3469\" data-element_type=\"widget\" data-e-type=\"widget\" data-widget_type=\"image.default\">\n\t\t\t\t<div class=\"elementor-widget-container\">\n\t\t\t\t\t\t\t\t\t\t\t\t<figure class=\"wp-caption\">\n\t\t\t\t\t\t\t\t\t\t\t<a href=\"https:\/\/drive.google.com\/file\/d\/1Bwei4Qxtg_zcVM7kJSoP5WUGmBr4EAak\/view\">\n\t\t\t\t\t\t\t<img loading=\"lazy\" decoding=\"async\" width=\"930\" height=\"610\" src=\"https:\/\/zszelena42.eu\/2021\/wp-content\/uploads\/2025\/12\/Snimek-obrazovky-2025-12-11-173748-930x610.jpg\" class=\"attachment-neve-blog size-neve-blog wp-image-42085\" alt=\"\" \/>\t\t\t\t\t\t\t\t<\/a>\n\t\t\t\t\t\t\t\t\t\t\t<figcaption class=\"widget-image-caption wp-caption-text\">PODZIM NA ZELEN\u00c9 2025<\/figcaption>\n\t\t\t\t\t\t\t\t\t\t<\/figure>\n\t\t\t\t\t\t\t\t\t<\/div>\n\t\t\t\t<\/div>\n\t\t\t\t<div class=\"elementor-element elementor-element-78a6f8e elementor-widget__width-auto elementor-widget elementor-widget-image\" data-id=\"78a6f8e\" data-element_type=\"widget\" data-e-type=\"widget\" data-widget_type=\"image.default\">\n\t\t\t\t<div class=\"elementor-widget-container\">\n\t\t\t\t\t\t\t\t\t\t\t\t<figure class=\"wp-caption\">\n\t\t\t\t\t\t\t\t\t\t\t<a href=\"https:\/\/drive.google.com\/file\/d\/1dhHllyqEobIX6jEvUCNZ1ywZrpGp9Ky6\/view\">\n\t\t\t\t\t\t\t<img loading=\"lazy\" decoding=\"async\" width=\"930\" height=\"580\" src=\"https:\/\/zszelena42.eu\/2021\/wp-content\/uploads\/2025\/12\/Snimek-obrazovky-2025-12-11-174319-930x580.jpg\" class=\"attachment-neve-blog size-neve-blog wp-image-42097\" alt=\"\" \/>\t\t\t\t\t\t\t\t<\/a>\n\t\t\t\t\t\t\t\t\t\t\t<figcaption class=\"widget-image-caption wp-caption-text\">EVROPSK\u00dd DEN JAZYK\u016e 2025<\/figcaption>\n\t\t\t\t\t\t\t\t\t\t<\/figure>\n\t\t\t\t\t\t\t\t\t<\/div>\n\t\t\t\t<\/div>\n\t\t\t\t<div class=\"elementor-element elementor-element-f685827 elementor-widget__width-auto elementor-widget elementor-widget-image\" data-id=\"f685827\" data-element_type=\"widget\" data-e-type=\"widget\" data-widget_type=\"image.default\">\n\t\t\t\t<div class=\"elementor-widget-container\">\n\t\t\t\t\t\t\t\t\t\t\t\t<figure class=\"wp-caption\">\n\t\t\t\t\t\t\t\t\t\t\t<a href=\"https:\/\/drive.google.com\/file\/d\/1JabS7qrGoHXCEi4afSqeVaaHav99E3W6\/view\">\n\t\t\t\t\t\t\t<img loading=\"lazy\" decoding=\"async\" width=\"930\" height=\"578\" src=\"https:\/\/zszelena42.eu\/2021\/wp-content\/uploads\/2025\/12\/Snimek-obrazovky-2025-12-11-174145-930x578.jpg\" class=\"attachment-neve-blog size-neve-blog wp-image-42093\" alt=\"\" \/>\t\t\t\t\t\t\t\t<\/a>\n\t\t\t\t\t\t\t\t\t\t\t<figcaption class=\"widget-image-caption wp-caption-text\">TEAMBUILDING PARLAMENTU 2025<\/figcaption>\n\t\t\t\t\t\t\t\t\t\t<\/figure>\n\t\t\t\t\t\t\t\t\t<\/div>\n\t\t\t\t<\/div>\n\t\t\t\t<div class=\"elementor-element elementor-element-3f0be55 elementor-widget__width-auto elementor-widget elementor-widget-image\" data-id=\"3f0be55\" data-element_type=\"widget\" data-e-type=\"widget\" data-widget_type=\"image.default\">\n\t\t\t\t<div class=\"elementor-widget-container\">\n\t\t\t\t\t\t\t\t\t\t\t\t<figure class=\"wp-caption\">\n\t\t\t\t\t\t\t\t\t\t\t<a href=\"https:\/\/drive.google.com\/file\/d\/1ObxGdG-ZpyGcEVLms9a1cr1mRqWnvHz5\/view?usp=sharing\">\n\t\t\t\t\t\t\t<img loading=\"lazy\" decoding=\"async\" width=\"930\" height=\"620\" src=\"https:\/\/zszelena42.eu\/2021\/wp-content\/uploads\/2025\/09\/SKOLNIROK2425-930x620.jpg\" class=\"attachment-neve-blog size-neve-blog wp-image-40540\" alt=\"\" \/>\t\t\t\t\t\t\t\t<\/a>\n\t\t\t\t\t\t\t\t\t\t\t<figcaption class=\"widget-image-caption wp-caption-text\">\u0160KOLN\u00cd ROK 2025-2025<\/figcaption>\n\t\t\t\t\t\t\t\t\t\t<\/figure>\n\t\t\t\t\t\t\t\t\t<\/div>\n\t\t\t\t<\/div>\n\t\t\t\t<div class=\"elementor-element elementor-element-7bf895e elementor-widget__width-auto elementor-widget elementor-widget-image\" data-id=\"7bf895e\" data-element_type=\"widget\" data-e-type=\"widget\" data-widget_type=\"image.default\">\n\t\t\t\t<div class=\"elementor-widget-container\">\n\t\t\t\t\t\t\t\t\t\t\t\t<figure class=\"wp-caption\">\n\t\t\t\t\t\t\t\t\t\t\t<a href=\"https:\/\/drive.google.com\/file\/d\/1g4SnApW0WIbi_sPbfiTXcM5_OWVv_uYS\/view\">\n\t\t\t\t\t\t\t<img loading=\"lazy\" decoding=\"async\" width=\"930\" height=\"611\" src=\"https:\/\/zszelena42.eu\/2021\/wp-content\/uploads\/2025\/12\/Snimek-obrazovky-2025-12-11-173925-930x611.jpg\" class=\"attachment-neve-blog size-neve-blog wp-image-42089\" alt=\"\" \/>\t\t\t\t\t\t\t\t<\/a>\n\t\t\t\t\t\t\t\t\t\t\t<figcaption class=\"widget-image-caption wp-caption-text\">VOD\u00c1CK\u00dd DEN 2025<\/figcaption>\n\t\t\t\t\t\t\t\t\t\t<\/figure>\n\t\t\t\t\t\t\t\t\t<\/div>\n\t\t\t\t<\/div>\n\t\t\t\t<div class=\"elementor-element elementor-element-d029093 elementor-widget__width-auto elementor-widget elementor-widget-image\" data-id=\"d029093\" data-element_type=\"widget\" data-e-type=\"widget\" data-widget_type=\"image.default\">\n\t\t\t\t<div class=\"elementor-widget-container\">\n\t\t\t\t\t\t\t\t\t\t\t\t<figure class=\"wp-caption\">\n\t\t\t\t\t\t\t\t\t\t\t<a href=\"https:\/\/drive.google.com\/file\/d\/1xD6RiZGTLdPS0sfpf9RgHd1lcZL7TtUS\/view?usp=drive_link\">\n\t\t\t\t\t\t\t<img loading=\"lazy\" decoding=\"async\" width=\"930\" height=\"620\" src=\"https:\/\/zszelena42.eu\/2021\/wp-content\/uploads\/2025\/09\/ERASMUS-MOBILITY-930x620.jpg\" class=\"attachment-neve-blog size-neve-blog wp-image-40523\" alt=\"\" \/>\t\t\t\t\t\t\t\t<\/a>\n\t\t\t\t\t\t\t\t\t\t\t<figcaption class=\"widget-image-caption wp-caption-text\">ERASMUS - MOBILITY \u017d\u00c1K\u016e<\/figcaption>\n\t\t\t\t\t\t\t\t\t\t<\/figure>\n\t\t\t\t\t\t\t\t\t<\/div>\n\t\t\t\t<\/div>\n\t\t\t\t<div class=\"elementor-element elementor-element-d937e03 elementor-widget__width-auto elementor-widget elementor-widget-image\" data-id=\"d937e03\" data-element_type=\"widget\" data-e-type=\"widget\" data-widget_type=\"image.default\">\n\t\t\t\t<div class=\"elementor-widget-container\">\n\t\t\t\t\t\t\t\t\t\t\t\t<figure class=\"wp-caption\">\n\t\t\t\t\t\t\t\t\t\t\t<a href=\"https:\/\/drive.google.com\/file\/d\/1HZjFRWwyocwOflcpZcOs0rwMX9mQr-oJ\/view?usp=drive_link\">\n\t\t\t\t\t\t\t<img loading=\"lazy\" decoding=\"async\" width=\"930\" height=\"615\" src=\"https:\/\/zszelena42.eu\/2021\/wp-content\/uploads\/2025\/09\/ANGLIE2025-930x615.jpg\" class=\"attachment-neve-blog size-neve-blog wp-image-40527\" alt=\"\" \/>\t\t\t\t\t\t\t\t<\/a>\n\t\t\t\t\t\t\t\t\t\t\t<figcaption class=\"widget-image-caption wp-caption-text\">ANGLIE 2025<\/figcaption>\n\t\t\t\t\t\t\t\t\t\t<\/figure>\n\t\t\t\t\t\t\t\t\t<\/div>\n\t\t\t\t<\/div>\n\t\t\t\t<div class=\"elementor-element elementor-element-52f870d elementor-widget__width-auto elementor-widget elementor-widget-image\" data-id=\"52f870d\" data-element_type=\"widget\" data-e-type=\"widget\" data-widget_type=\"image.default\">\n\t\t\t\t<div class=\"elementor-widget-container\">\n\t\t\t\t\t\t\t\t\t\t\t\t<figure class=\"wp-caption\">\n\t\t\t\t\t\t\t\t\t\t\t<a href=\"https:\/\/drive.google.com\/file\/d\/1plHehce6j_eZ20EqWo4sfV1KIJnQgTYp\/view?usp=sharing\">\n\t\t\t\t\t\t\t<img loading=\"lazy\" decoding=\"async\" width=\"930\" height=\"620\" src=\"https:\/\/zszelena42.eu\/2021\/wp-content\/uploads\/2025\/09\/SKOLNIDRUZINA-930x620.jpg\" class=\"attachment-neve-blog size-neve-blog wp-image-40544\" alt=\"\" \/>\t\t\t\t\t\t\t\t<\/a>\n\t\t\t\t\t\t\t\t\t\t\t<figcaption class=\"widget-image-caption wp-caption-text\">\u0160KOLN\u00cd DRU\u017dINA<\/figcaption>\n\t\t\t\t\t\t\t\t\t\t<\/figure>\n\t\t\t\t\t\t\t\t\t<\/div>\n\t\t\t\t<\/div>\n\t\t\t\t<div class=\"elementor-element elementor-element-d4a478e elementor-widget__width-auto elementor-widget elementor-widget-image\" data-id=\"d4a478e\" data-element_type=\"widget\" data-e-type=\"widget\" data-widget_type=\"image.default\">\n\t\t\t\t<div class=\"elementor-widget-container\">\n\t\t\t\t\t\t\t\t\t\t\t\t<figure class=\"wp-caption\">\n\t\t\t\t\t\t\t\t\t\t\t<a href=\"https:\/\/drive.google.com\/file\/d\/1q351tVV_zi4D7u_Vq5V-PZ0ZhmWkhO3w\/view?usp=sharing\">\n\t\t\t\t\t\t\t<img loading=\"lazy\" decoding=\"async\" width=\"930\" height=\"605\" src=\"https:\/\/zszelena42.eu\/2021\/wp-content\/uploads\/2025\/09\/POLYTECHNIKA-930x605.jpg\" class=\"attachment-neve-blog size-neve-blog wp-image-40548\" alt=\"\" \/>\t\t\t\t\t\t\t\t<\/a>\n\t\t\t\t\t\t\t\t\t\t\t<figcaption class=\"widget-image-caption wp-caption-text\">POLYTECHNIKA<\/figcaption>\n\t\t\t\t\t\t\t\t\t\t<\/figure>\n\t\t\t\t\t\t\t\t\t<\/div>\n\t\t\t\t<\/div>\n\t\t\t\t<div class=\"elementor-element elementor-element-588ef65 elementor-widget__width-auto elementor-widget elementor-widget-image\" data-id=\"588ef65\" data-element_type=\"widget\" data-e-type=\"widget\" data-widget_type=\"image.default\">\n\t\t\t\t<div class=\"elementor-widget-container\">\n\t\t\t\t\t\t\t\t\t\t\t\t<figure class=\"wp-caption\">\n\t\t\t\t\t\t\t\t\t\t\t<a href=\"https:\/\/drive.google.com\/file\/d\/1FdCtmRDAgoWuUzDk-oniAERJoesCBfSo\/view?usp=sharing\">\n\t\t\t\t\t\t\t<img loading=\"lazy\" decoding=\"async\" width=\"930\" height=\"620\" src=\"https:\/\/zszelena42.eu\/2021\/wp-content\/uploads\/2024\/12\/KOLEDY-930x620.jpg\" class=\"attachment-neve-blog size-neve-blog wp-image-36138\" alt=\"\" \/>\t\t\t\t\t\t\t\t<\/a>\n\t\t\t\t\t\t\t\t\t\t\t<figcaption class=\"widget-image-caption wp-caption-text\">\u010cESKO ZP\u00cdV\u00c1 KOLEDY<\/figcaption>\n\t\t\t\t\t\t\t\t\t\t<\/figure>\n\t\t\t\t\t\t\t\t\t<\/div>\n\t\t\t\t<\/div>\n\t\t\t\t<div class=\"elementor-element elementor-element-5f50c1e elementor-widget__width-auto elementor-widget elementor-widget-image\" data-id=\"5f50c1e\" data-element_type=\"widget\" data-e-type=\"widget\" data-widget_type=\"image.default\">\n\t\t\t\t<div class=\"elementor-widget-container\">\n\t\t\t\t\t\t\t\t\t\t\t\t<figure class=\"wp-caption\">\n\t\t\t\t\t\t\t\t\t\t\t<a href=\"https:\/\/drive.google.com\/file\/d\/1KPRmyd4s2DFdWFv4wmMluDP1d-RCiX4t\/view?usp=sharing\">\n\t\t\t\t\t\t\t<img loading=\"lazy\" decoding=\"async\" width=\"930\" height=\"620\" src=\"https:\/\/zszelena42.eu\/2021\/wp-content\/uploads\/2025\/09\/OZDRAVNY2025-930x620.jpg\" class=\"attachment-neve-blog size-neve-blog wp-image-40532\" alt=\"\" \/>\t\t\t\t\t\t\t\t<\/a>\n\t\t\t\t\t\t\t\t\t\t\t<figcaption class=\"widget-image-caption wp-caption-text\">OZDRAVN\u00dd POBYT 2025<\/figcaption>\n\t\t\t\t\t\t\t\t\t\t<\/figure>\n\t\t\t\t\t\t\t\t\t<\/div>\n\t\t\t\t<\/div>\n\t\t\t\t<div class=\"elementor-element elementor-element-3d02e4c elementor-widget__width-auto elementor-widget elementor-widget-image\" data-id=\"3d02e4c\" data-element_type=\"widget\" data-e-type=\"widget\" data-widget_type=\"image.default\">\n\t\t\t\t<div class=\"elementor-widget-container\">\n\t\t\t\t\t\t\t\t\t\t\t\t<figure class=\"wp-caption\">\n\t\t\t\t\t\t\t\t\t\t\t<a href=\"https:\/\/drive.google.com\/file\/d\/15_42nlJsV4FCvs-xVDswNqOxgivCcOB_\/view?usp=sharing\">\n\t\t\t\t\t\t\t<img loading=\"lazy\" decoding=\"async\" width=\"930\" height=\"620\" src=\"https:\/\/zszelena42.eu\/2021\/wp-content\/uploads\/2025\/09\/ZIMA-NA-ZELENE-930x620.jpg\" class=\"attachment-neve-blog size-neve-blog wp-image-40536\" alt=\"\" \/>\t\t\t\t\t\t\t\t<\/a>\n\t\t\t\t\t\t\t\t\t\t\t<figcaption class=\"widget-image-caption wp-caption-text\">ZIMA NA ZELEN\u00c9<\/figcaption>\n\t\t\t\t\t\t\t\t\t\t<\/figure>\n\t\t\t\t\t\t\t\t\t<\/div>\n\t\t\t\t<\/div>\n\t\t\t\t<div class=\"elementor-element elementor-element-0fa9465 elementor-widget elementor-widget-image\" data-id=\"0fa9465\" data-element_type=\"widget\" data-e-type=\"widget\" data-widget_type=\"image.default\">\n\t\t\t\t<div class=\"elementor-widget-container\">\n\t\t\t\t\t\t\t\t\t\t\t\t<figure class=\"wp-caption\">\n\t\t\t\t\t\t\t\t\t\t\t<a href=\"https:\/\/drive.google.com\/file\/d\/1I_UKIQrxn5A2aRwRoTAPsqAGGIFbCCZa\/view?usp=sharing\">\n\t\t\t\t\t\t\t<img loading=\"lazy\" decoding=\"async\" width=\"930\" height=\"620\" src=\"https:\/\/zszelena42.eu\/2021\/wp-content\/uploads\/2024\/12\/MIKULAS-930x620.jpg\" class=\"attachment-neve-blog size-neve-blog wp-image-36139\" alt=\"\" \/>\t\t\t\t\t\t\t\t<\/a>\n\t\t\t\t\t\t\t\t\t\t\t<figcaption class=\"widget-image-caption wp-caption-text\">MIKUL\u00c1\u0160 NA ZELEN\u00c9<\/figcaption>\n\t\t\t\t\t\t\t\t\t\t<\/figure>\n\t\t\t\t\t\t\t\t\t<\/div>\n\t\t\t\t<\/div>\n\t\t\t\t<div class=\"elementor-element elementor-element-7239234 elementor-widget elementor-widget-image\" data-id=\"7239234\" data-element_type=\"widget\" data-e-type=\"widget\" data-widget_type=\"image.default\">\n\t\t\t\t<div class=\"elementor-widget-container\">\n\t\t\t\t\t\t\t\t\t\t\t\t<figure class=\"wp-caption\">\n\t\t\t\t\t\t\t\t\t\t\t<a href=\"https:\/\/drive.google.com\/file\/d\/1XBAiR_WRED63sjcidQpQF9r7S9WkrbkS\/view?usp=sharing\">\n\t\t\t\t\t\t\t<img loading=\"lazy\" decoding=\"async\" width=\"930\" height=\"620\" src=\"https:\/\/zszelena42.eu\/2021\/wp-content\/uploads\/2024\/12\/STROMECEK-930x620.jpg\" class=\"attachment-neve-blog size-neve-blog wp-image-36140\" alt=\"\" \/>\t\t\t\t\t\t\t\t<\/a>\n\t\t\t\t\t\t\t\t\t\t\t<figcaption class=\"widget-image-caption wp-caption-text\">ROZSV\u00cdCEN\u00cd V\u00c1NO\u010cN\u00cdHO STROME\u010cKU<\/figcaption>\n\t\t\t\t\t\t\t\t\t\t<\/figure>\n\t\t\t\t\t\t\t\t\t<\/div>\n\t\t\t\t<\/div>\n\t\t\t\t<div class=\"elementor-element elementor-element-364556f elementor-widget elementor-widget-image\" data-id=\"364556f\" data-element_type=\"widget\" data-e-type=\"widget\" data-widget_type=\"image.default\">\n\t\t\t\t<div class=\"elementor-widget-container\">\n\t\t\t\t\t\t\t\t\t\t\t\t<figure class=\"wp-caption\">\n\t\t\t\t\t\t\t\t\t\t\t<a href=\"https:\/\/drive.google.com\/file\/d\/1S0Mpvo6-727RNNgV1SRNEGh8LP-XHQL0\/view?usp=sharing\">\n\t\t\t\t\t\t\t<img loading=\"lazy\" decoding=\"async\" width=\"930\" height=\"620\" src=\"https:\/\/zszelena42.eu\/2021\/wp-content\/uploads\/2024\/12\/VANOCEPRICHAZEJI-930x620.jpg\" class=\"attachment-neve-blog size-neve-blog wp-image-36141\" alt=\"\" \/>\t\t\t\t\t\t\t\t<\/a>\n\t\t\t\t\t\t\t\t\t\t\t<figcaption class=\"widget-image-caption wp-caption-text\">V\u00c1NOCE P\u0158ICH\u00c1ZEJ\u00cd<\/figcaption>\n\t\t\t\t\t\t\t\t\t\t<\/figure>\n\t\t\t\t\t\t\t\t\t<\/div>\n\t\t\t\t<\/div>\n\t\t\t\t<div class=\"elementor-element elementor-element-4b19fbd elementor-widget elementor-widget-image\" data-id=\"4b19fbd\" data-element_type=\"widget\" data-e-type=\"widget\" data-widget_type=\"image.default\">\n\t\t\t\t<div class=\"elementor-widget-container\">\n\t\t\t\t\t\t\t\t\t\t\t\t<figure class=\"wp-caption\">\n\t\t\t\t\t\t\t\t\t\t\t<a href=\"https:\/\/drive.google.com\/file\/d\/1FQGIdKzPuYPJiPoGiY_u5rRDgmdifFYQ\/view?usp=sharing\">\n\t\t\t\t\t\t\t<img loading=\"lazy\" decoding=\"async\" width=\"930\" height=\"620\" src=\"https:\/\/zszelena42.eu\/2021\/wp-content\/uploads\/2024\/12\/PREZENTACESKOLY-930x620.jpg\" class=\"attachment-neve-blog size-neve-blog wp-image-36142\" alt=\"\" \/>\t\t\t\t\t\t\t\t<\/a>\n\t\t\t\t\t\t\t\t\t\t\t<figcaption class=\"widget-image-caption wp-caption-text\">PREZENTACE NA\u0160\u00cd \u0160KOLY<\/figcaption>\n\t\t\t\t\t\t\t\t\t\t<\/figure>\n\t\t\t\t\t\t\t\t\t<\/div>\n\t\t\t\t<\/div>\n\t\t\t\t<div class=\"elementor-element elementor-element-3ad3f90 elementor-widget elementor-widget-image\" data-id=\"3ad3f90\" data-element_type=\"widget\" data-e-type=\"widget\" data-widget_type=\"image.default\">\n\t\t\t\t<div class=\"elementor-widget-container\">\n\t\t\t\t\t\t\t\t\t\t\t\t<figure class=\"wp-caption\">\n\t\t\t\t\t\t\t\t\t\t\t<a href=\"https:\/\/drive.google.com\/file\/d\/1g6LbebRUvy0R8yXDe2vTpW-GrkIwqJrF\/view?usp=sharing\">\n\t\t\t\t\t\t\t<img loading=\"lazy\" decoding=\"async\" width=\"930\" height=\"620\" src=\"https:\/\/zszelena42.eu\/2021\/wp-content\/uploads\/2024\/12\/ZELENAVYZVAM-930x620.jpg\" class=\"attachment-neve-blog size-neve-blog wp-image-36143\" alt=\"\" \/>\t\t\t\t\t\t\t\t<\/a>\n\t\t\t\t\t\t\t\t\t\t\t<figcaption class=\"widget-image-caption wp-caption-text\">ZELEN\u00c1 V\u00ddZV\u00c1M<\/figcaption>\n\t\t\t\t\t\t\t\t\t\t<\/figure>\n\t\t\t\t\t\t\t\t\t<\/div>\n\t\t\t\t<\/div>\n\t\t\t\t<\/div>\n\t\t\t\t<\/div>\n\t\t","protected":false},"excerpt":{"rendered":"<p>V\u00c1NOCE S BAN\u00cdKEM 2025 MIKUL\u00c1\u0160 2025 ROZSV\u011aCEN\u00cd STROME\u010cKU 2025 V\u00c1NO\u010cN\u00cd JARMARK 2025 ZIMA NA ZELEN\u00c9 2025 DEN PRO MOU T\u0158\u00cdDU HALLOWEEN 2025 BONFIRE NIGHT 2025 PODZIM NA ZELEN\u00c9 2025 EVROPSK\u00dd DEN JAZYK\u016e 2025 TEAMBUILDING PARLAMENTU 2025 \u0160KOLN\u00cd ROK 2025-2025 VOD\u00c1CK\u00dd DEN 2025 ERASMUS &#8211; MOBILITY \u017d\u00c1K\u016e ANGLIE 2025 \u0160KOLN\u00cd DRU\u017dINA POLYTECHNIKA \u010cESKO ZP\u00cdV\u00c1 KOLEDY OZDRAVN\u00dd&hellip;&nbsp;<a href=\"https:\/\/zszelena42.eu\/2021\/video\/\" rel=\"bookmark\">\u010c\u00edst d\u00e1le &raquo;<span class=\"screen-reader-text\">video<\/span><\/a><\/p>\n","protected":false},"author":16,"featured_media":0,"parent":0,"menu_order":0,"comment_status":"closed","ping_status":"closed","template":"page-templates\/template-pagebuilder-full-width.php","meta":{"neve_meta_sidebar":"","neve_meta_container":"","neve_meta_enable_content_width":"","neve_meta_content_width":0,"neve_meta_title_alignment":"","neve_meta_author_avatar":"","neve_post_elements_order":"","neve_meta_disable_header":"","neve_meta_disable_footer":"","neve_meta_disable_title":"","footnotes":""},"class_list":["post-36136","page","type-page","status-publish","hentry"],"_links":{"self":[{"href":"https:\/\/zszelena42.eu\/2021\/wp-json\/wp\/v2\/pages\/36136","targetHints":{"allow":["GET"]}}],"collection":[{"href":"https:\/\/zszelena42.eu\/2021\/wp-json\/wp\/v2\/pages"}],"about":[{"href":"https:\/\/zszelena42.eu\/2021\/wp-json\/wp\/v2\/types\/page"}],"author":[{"embeddable":true,"href":"https:\/\/zszelena42.eu\/2021\/wp-json\/wp\/v2\/users\/16"}],"replies":[{"embeddable":true,"href":"https:\/\/zszelena42.eu\/2021\/wp-json\/wp\/v2\/comments?post=36136"}],"version-history":[{"count":77,"href":"https:\/\/zszelena42.eu\/2021\/wp-json\/wp\/v2\/pages\/36136\/revisions"}],"predecessor-version":[{"id":42104,"href":"https:\/\/zszelena42.eu\/2021\/wp-json\/wp\/v2\/pages\/36136\/revisions\/42104"}],"wp:attachment":[{"href":"https:\/\/zszelena42.eu\/2021\/wp-json\/wp\/v2\/media?parent=36136"}],"curies":[{"name":"wp","href":"https:\/\/api.w.org\/{rel}","templated":true}]}}